d - 1. Let a(l) be the second derivative of l**5/20 - 7*l**4/12 + 5*l**3/6 - 2*l. What is a(g)?
-6
Suppose -6*u = -u - 25. Let t(c) be the first derivative of -c**7/840 + c**6/72 - c**4/4 + c**3 - 3. Let w(r) be the third derivative of t(r). Determine w(u).
-6
Let s(l) = l**2 + 5*l + 2. Let h be 1/3 - (-92)/3. Suppose -4 = t, r - h = 6*r + 4*t. Give s(r).
-4
Let f(h) = -2*h**2 + 4 + h**2 + 2*h**2. Let x be f(0). Let m(b) = -b**2 + 0*b**2 + x*b**2 - b. Give m(-1).
4
Let z(t) = t + 5. Suppose 8*y - 3*y = -30. Give z(y).
-1
Let n(i) = i**3 - 6*i**2 - 8*i + 4. Let v be n(7). Let w be 0 - (-1 - (1 - 2)). Let u(b) = 4*b + 4*b**2 + 2 - b**3 + 2*b**3 + w*b**2. Give u(v).
-1
Let c(n) = 0*n + 8*n - 3*n + 2 + 3 - n**2. Suppose -2*f = -f - 4*m - 25, 0 = m + 5. Determine c(f).
5
Let z = 9 + -6. Suppose 0 = w, -w - 20 = -z*u - u. Let y(x) = -x**2 + 8*x - 9. Let r(m) = 3*m**2 - 25*m + 28. Let p(f) = 2*r(f) + 7*y(f). What is p(u)?
-2
Suppose -2*r - 2*r + 16 = 0. Let i(w) = 5*w**2 + r*w - w**2 + 3*w - w**3. What is i(5)?
10
Let c(h) = 3*h - 3. Suppose 2*o = 5*f - 7 - 10, -5*o - 5*f = -45. Suppose -4*v + 2*k + 10 = 0, v + 24 = 5*k + o. Let w = v + -2. Give c(w).
6
Let a(h) = 3*h + 7. Let p(o) = o**3 - o - 6. Let i be p(0). Let b be a(i). Let j = b - -8. Let y(v) = -v**3 - 4*v**2 - 4*v - 3. Calculate y(j).
0
Suppose 0 = -2*a - 3*a. Let f be (0 - (a - -2))/(-2). Let z = -3 - f. Let o(q) = q**3 + 4*q**2 - 1. Calculate o(z).
-1
Let l be (-3 - -4) + (-1)/(-1). Let p = 4 - l. Let f(u) = -1 + 3*u - 4*u + 2*u. Determine f(p).
1
Let d be (15/(-10))/((-6)/4). Let n(m) = -22*m - d + 24*m + 3. Give n(2).
6
Let d(s) = -s**3 + s - 6. Let h = 16 - 16. Determine d(h).
-6
Suppose -5*d = 17 + 13. Let f(g) = -g**2 - 6*g - 3. Let p(b) = b**2 + 6*b + 3. Let a(s) = -3*f(s) - 2*p(s). Give a(d).
3
Let p = -10 - -22. Suppose -3*h + 3 = 0, -2*f + 4*h - p = -0*f. Let y(n) be the third derivative of -n**5/60 - n**4/12 + 5*n**3/6 + n**2. Determine y(f).
-3
Suppose -3*c + o = -4, -2*c + 7*c + o + 4 = 0. Let q(r) be the second derivative of r**3/6 - 11*r**2/2 - r. Calculate q(c).
-11
Let y(n) be the first derivative of -n**3/3 + n**2 + 5*n + 3. Let i be 3/(-15) - 11/(-5). Suppose -4*k = -i*k - 8. Calculate y(k).
-3
Let o(x) = -2*x + 1. Let w(p) = -1. Let y(q) = -o(q) - 2*w(q). Suppose 0 = 4*v - 3*j - 6, -4*j = v - 6 - 5. Suppose -2*z + t = 3*t, 3*z = -4*t - v. Give y(z).
7
Suppose 0*f - 5 = f. Let s(q) = q**3 + 4*q**2 - 4*q + 5. Determine s(f).
0
Let m(u) = u**2 - 1. Let l(s) = -s**2 + 4*s - 1. Let i(w) = l(w) + 2*m(w). Suppose -3*k + k + 14 = 0. Suppose 5*n + k = -8. What is i(n)?
-6
Let y(n) = -3*n**3 + 2*n**2 + 3*n - n + 0*n**2 + 3 + 4*n**3. What is y(-2)?
-1
Let y(n) = -1 + 2 - 21*n + 16*n. Let a = -2 + 1. Give y(a).
6
Let t(x) = x**3 - 3*x - 7. Let o(f) = -f**3 - f**2 + 3*f + 7. Let g(i) = 4*o(i) + 5*t(i). What is g(5)?
3
Let o(b) = -2*b**3 + 4*b**2 + 4 + 5*b + b**3 + 0*b**3. Let w be (-1 - 0)*(-1 - 2). Let k = 2 + w. Give o(k).
4
Let m(i) = 0*i + 0*i + i. Let r = -22 + 21. Let f be 10*(2/(-4) - r). Determine m(f).
5
Let z(h) = -2*h - 4. Suppose 4 = 2*w - 2. Let n(o) = o - 1. Let u(c) = w*n(c) - z(c). Determine u(1).
6
Let q(n) = 7*n - 1. Suppose 208 = -5*d + 213. Give q(d).
6
Let c = 2 + -3. Let p(g) = -5*g**3 + g + 1. Let x be p(c). Let f(h) = 8*h - 5 - h**2 + 4*h - 5*h. Calculate f(x).
5
Let i(z) = -z + 3. Let f be i(9). Let s(n) = -n**2 - 5*n + 6. What is s(f)?
0
Suppose 4*l = -3*o + 9, 2*l + 6*o = o + 15. Let i(t) = -2 + l*t + t**3 - 2*t + t. Calculate i(2).
4
Let b be 72/20 + (-4)/(-10). Let t(y) = 0 - 5 - y + 2 + 4 + y**2. Let l(w) = 5*w**2 - 7*w + 6. Let s(d) = l(d) - 4*t(d). Determine s(b).
6
Let j(g) = g**3 + 5*g**2 - 7*g - 3. Let m(u) be the second derivative of u**4/12 + 7*u**3/6 + 3*u**2 + 8*u. Let l be m(-4). Give j(l).
3
Let o(d) = -d**3 - 4*d**2 + 6*d. Suppose -27 = -3*h + 3*c, -2*h + 18 = -3*c - 0. Let g be h/(-6)*(-20)/6. Suppose -3*f = 3*y + 23 + 1, g*y = 3*f. What is o(f)?
-5
Let s(f) = -4*f + 5*f - 3 - 2*f + f**2. Let w = 1 + -4. Let n(p) = p**2 + 3*p + 4. Let u be n(w). Calculate s(u).
9
Let j(x) = 0 - 63*x + 52*x - 1. What is j(1)?
-12
Let t(j) = -2*j**2 + 2 - j**3 + 2*j**2 - 4*j**2 - 3. Let g(l) = -l**2 - 6*l - 1. Let d be g(-5). Suppose 0 = u - 2*u - d. Give t(u).
-1
Let b(z) = -z**2 - 2*z + 2. Suppose 3*w + 19 = -5*g, 3*w + 2*g + 5 = 4*g. Determine b(w).
-1
Suppose -2*g = 3*g + 45. Let d = -5 - g. Let l(s) = s - 2 - 2*s + d. What is l(-2)?
4
Let t(g) = g**3 - 6*g**2 + 3*g - 9. Suppose r = 6*r - 30. Determine t(r).
9
Let k(l) = l**2 + 4*l + 6. Let g(m) = m + 3. Let o be g(0). Suppose 0*j + 12 = -o*j. Calculate k(j).
6
Let r(o) = -o**3 - o**2 + 2*o + 2. Let c(a) = a**3 + 8*a**2 + 6*a - 5. Let i be c(-7). Suppose -2*p + i = -3*p. Give r(p).
2
Let i(l) be the second derivative of -l**4/12 + l**3 - 3*l**2 - 3*l. Let k be i(4). Let m(x) = -x**2 + x - 1. What is m(k)?
-3
Let g be (-1)/((-2)/(-2)*1). Let c(f) be the second derivative of 0*f**2 + 0 + 4*f + 1/3*f**3. Calculate c(g).
-2
Let h(n) be the first derivative of n**6/360 + n**5/24 + n**4/6 + n**3 + 4. Let o(y) be the third derivative of h(y). Calculate o(-3).
-2
Let z(s) = -s**3 + 5*s**2 + 3. Suppose 3 = -4*f + 23. Let t be z(f). Let l(m) = 3*m**2 + 2*m + 3*m**2 + m**t + 3 - m**2. Determine l(-5).
-7
Suppose -g + 3 = 6. Let i(y) = -7*y - 1. Let p(k) be the first derivative of -3*k**2/2 + 1. Let s(x) = 4*i(x) - 9*p(x). What is s(g)?
-1
Let j(h) = 5*h - 1. Let x(o) = -6*o + 2. Let t(u) = 5*j(u) + 4*x(u). Let y(v) = -2*v**2 - 7*v - 4. Let n be y(-4). Let s = -11 - n. Give t(s).
0
Let q(w) be the third derivative of -w**6/120 + w**5/30 + w**4/12 + w**3/6 - 5*w**2. Determine q(3).
-2
Let g(z) = z + 2. Let h(q) = -q - 2. Let f be h(-4). Suppose -n + f = -0*n. Calculate g(n).
4
Let h(m) = 5*m**3 - m**2 - m. Suppose 2*s = 3*n - 4, -2*s - 3*n = s - 9. Suppose 0 = 2*j + 3 - s. What is h(j)?
-5
Let y(z) = -5*z**2 + 2*z - 7. Let w(h) = 11*h**2 - 5*h + 15. Let r(g) = 6*w(g) + 13*y(g). What is r(4)?
-1
Let u(p) = -p**2 - 5*p + 7. Let v(t) = -2*t**2 + 20*t - 6. Let y be v(10). What is u(y)?
1
Let q(r) = -r**2. Let s(m) = -3*m**2 + 2*m + 5. Let u(b) = -b**2. Let k(x) = s(x) - 2*u(x). Let i be k(4). Determine q(i).
-9
Let a(r) = -6*r**2 + 6*r - 18. Suppose -3*b + 6 = -b. Suppose b*g + 3 = 6. Let s(l) = -l**2 + l - 1. Let m(i) = g*a(i) - 5*s(i). Calculate m(0).
-13
Let j(h) = 3*h - h**2 + 6 + 6*h - 2. Let v(w) = -w + w + w + 0*w. Let r(g) = -j(g) + 3*v(g). Calculate r(6).
-4
Let a(t) be the first derivative of -t**2 - 1. Let c be 24/(-20)*20/(-6). Suppose 0 = 4*k - 5*k - c. Give a(k).
8
Suppose 4*k - 1 = 3*b, 0 = 3*b - 8*b - 4*k + 9. Let m(g) = -14*g**3 + g**2 - g + 1. Give m(b).
-13
Let f(c) = -3*c + 5 + c + c**2 - 3*c. Let x = 43 - 38. Determine f(x).
5
Let a(v) be the first derivative of v**3/3 - 4*v**2 + 8*v + 1. Suppose -4*m + 2*y = -22, -4*m - y - 29 = -9*m. What is a(m)?
-4
Let w(p) = -p**2 - 4*p + 6. Let j(v) = -v**3 - 6*v**2 + 7*v - 6. Let t be j(-7). What is w(t)?
-6
Let s(a) be the first derivative of -3/2*a**2 - 1/12*a**4 - 1/2*a**3 - 2 + 1/60*a**6 + 0*a + 1/30*a**5. Let x(m) be the second derivative of s(m). Give x(-2).
-7
Suppose 17*v - 16*v = 6. Suppose 5*s - 2*q + 41 = 0, -v*q + 8 = s - q. Let p(j) = -2*j - 5. Give p(s).
9
Let t(u) = u**3 + u - 2. Suppose -l - 2*z - z = -9, -5*z + 7 = -l. Suppose -l*v = -2*v. What is t(v)?
-2
Suppose 4*b - 4 = x, 2*b + 0*b - 5*x = -16. Let t(l) = -l**2 + 2*l**2 - 4*l**2 + 4*l**b + 7. Determine t(0).
7
Let q(o) = -o - 2. Let t(s) = s + 1. Let j be 6/4*(-32)/(-12). Let n(g) = j*q(g) + 5*t(g). Determine n(6).
3
Let t(y) = 2*y - 5. Let x(g) = 4*g**2 + 5*g. Let w be x(-2). Give t(w).
7
Let z(d) = 17*d + 14. Let h be z(-6). Let p be (-14)/(-49) + h/14. Let j(x) = 2*x + 5. Determine j(p).
-7
Let y = -2 + 8. Let d = 10 - y. Suppose -3*l + 1 = -d*l. Let h(m) = -m**3 - 2*m**2 - 2*m - 1. What is h(l)?
0
Let b(g) = 2*g**3 - g - 103*g**2 + 103*g**2 - 3*g**3 + 3. Determine b(0).
3
Let s(d) = d**2 - 5*d - 1. Let l = -3 - -8. Calculate s(l).
-1
Let l(o) = -133*o + 3 + 63*o + 69*o. Let i(v) = 3*v - 1. Let g be i(3). Determine l(g).
-5
Let w(a) = a**2 - 7*a - 2. Let m be w(-5). Let u = -25 + m. Let t be u/6 + 6/(-4). Let l(b) = -2*b - 1. What is l(t)?
-9
Let b(y) = -y**3 - y**2 + 3*y - 2. Let 